   {"id":22924,"date":"2023-09-06T11:42:02","date_gmt":"2023-09-06T09:42:02","guid":{"rendered":"https:\/\/www.fapim.it\/it\/?page_id=22924"},"modified":"2024-02-27T18:51:14","modified_gmt":"2024-02-27T17:51:14","slug":"","status":"publish","type":"page","link":"https:\/\/www.fapim.it\/en\/informativa-whistleblowing\/","title":{"rendered":"","raw":""},"content":{"rendered":"","protected":false,"raw":""},"excerpt":{"rendered":"Informativa Whistleblowing sul trattamento dei dati personali Soggetti Interessati: Autori di segnalazioni, facilitatori, soggetti coinvolti nella segnalazione FAPIM S.p.A.,\u00a0con sede in via delle Cerbaie n.114, 55011 Altopascio (LU), Tel 05832601, www.fapim.it - in qualit\u00e0 di Titolare del trattamento dei Suoi dati personali, ai sensi e per gli effetti del D.Lgs. 196\/03 ('Codice in materia di","protected":false,"raw":""},"author":3,"featured_media":0,"parent":0,"menu_order":168,"comment_status":"closed","ping_status":"closed","template":"","meta":{"_it_post_content":"[vc_row][vc_column width=\"1\/1\"][divider][\/vc_column][\/vc_row][vc_row][vc_column align=\"center\" align_sm=\"center\" width=\"1\/2\"][vc_column_text]\r\n<p style=\"text-align: center;\"><strong><u><img class=\"alignnone wp-image-23753 \" src=\"https:\/\/www.fapim.it\/site\/wp-content\/uploads\/2024\/02\/Whistelblowing.jpg\" alt=\"\" width=\"248\" height=\"228\" \/><\/u><\/strong><\/p>\r\n[\/vc_column_text][\/vc_column][vc_column width=\"1\/2\"][vc_column_text]<strong>Informativa Whistleblowing sul trattamento dei dati personali\r\n<\/strong>Soggetti Interessati: Autori di segnalazioni, facilitatori, soggetti coinvolti nella <span style=\"letter-spacing: -.1pt;\">segnalazione<\/span>\r\n\r\n<strong>FAPIM S.p.A.,\u00a0<\/strong>con sede in via delle Cerbaie n.114, 55011 Altopascio (LU), Tel 05832601, <a href=\"http:\/\/www.fapim.it\/\">www.fapim.it<\/a> - in qualit\u00e0 di <strong>Titolare del trattamento <\/strong>dei Suoi dati personali, ai sensi e per gli effetti del D.Lgs. 196\/03 ('Codice in materia di protezione dei dati personali'), degli artt. 13 e 14 del Regolamento Generale sulla Protezione dei Dati (UE) 2016\/679 (anche GDPR) e del D.Lgs. 101\/18, con la presente La informa che la citata normativa prevede la tutela delle persone e di altri soggetti rispetto al trattamento dei dati personali e che tale trattamento sar\u00e0 improntato ai principi di correttezza, liceit\u00e0, trasparenza e di tutela della Sua riservatezza e dei Suoi diritti.[\/vc_column_text][\/vc_column][\/vc_row][vc_row][vc_column width=\"1\/1\"][vc_column_text]I Suoi dati personali verranno trattati in accordo alle disposizioni legislative della normativa sopra richiamata e degli obblighi di riservatezza ivi previsti.\r\n\r\n<strong><em>Finalit\u00e0 di trattamento<\/em><\/strong>: in particolare i Suoi dati verranno trattati per finalit\u00e0 connesse all'attuazione dei seguenti adempimenti, relativi ad obblighi legislativi o contrattuali nell\u2019ambito della procedura di gestione delle segnalazioni:\r\n<ul>\r\n \t<li>Normativa nazionale ed europea relativa ai settori e agli interessi rilevanti per l\u2019Unione;<\/li>\r\n \t<li>Violazioni rilevanti ai sensi della disciplina 231\/2001 o violazioni dei modelli organizzativi;<\/li>\r\n \t<li>Ulteriori illeciti civili, amministrativi e contabili contemplati dalla normativa<\/li>\r\n<\/ul>\r\n<strong><em>Basi giuridiche: <\/em><\/strong>Il trattamento dei dati deriva dalla necessit\u00e0 di adempiere ad un obbligo di legge (art. 6, comma 1, lett. e del GDPR) e precisamente alle previsioni del D. Lgs. 24\/2023 recante attuazione della direttiva UE 2019\/1937, riguardante la protezione delle persone che segnalano violazioni del diritto dell\u2019Unione e delle disposizioni normative nazionali.\r\n\r\nI dati personali oggetto di trattamento sono quelli forniti dal segnalante e quelli eventualmente raccolti in modo autonomo nel corso delle attivit\u00e0 istruttorie, necessari ad accertare le circostanze oggetto della segnalazione.\r\n\r\nIl conferimento dei dati \u00e8 necessario e funzionale alla gestione delle segnalazioni ricevute nelle forme e modalit\u00e0 descritte nella procedura adottata dalla societ\u00e0.\r\n\r\nAi fini dell'indicato trattamento, il Titolare potr\u00e0 venire a conoscenza di dati definiti comuni e particolari, ovvero sensibili e giudiziari ai sensi del Codice della Privacy, ed in particolare:\r\n<ul>\r\n \t<li>Dati identificativi e di contatto del segnalante;<\/li>\r\n \t<li>Dati identificativi delle persone coinvolte nella segnalazione, informazioni e dati relativi alle violazioni segnalate, compresi eventuali dati personali relativi a categorie particolari e riferiti a condanne penali o reati;<\/li>\r\n \t<li>Ogni altra informazione riferita al segnalante, alle persone coinvolte nella segnalazione a eventuali altri soggetti terzi, che il segnalante decide di condividere per meglio rappresentare i fatti descritti nella segnalazione;<\/li>\r\n \t<li>Dati identificativi, di contatto e relativi all\u2019account di accesso alla piattaforma informatica dei soggetti preposti alla gestione delle segnalazioni.<\/li>\r\n<\/ul>\r\nI Suoi dati sensibili oggetto di trattamento sono solo quelli strettamente pertinenti agli obblighi, ai compiti o alle finalit\u00e0 sopra descritte e verranno trattati nel rispetto delle indicazioni contenute nelle relative Autorizzazioni Generali del Garante.\r\n\r\nI Suoi dati personali potranno inoltre, <u>previo suo consenso <\/u>(richiesto al momento della loro raccolta), essere utilizzati per le seguenti finalit\u00e0:\r\n<ul>\r\n \t<li>Nessuna finalit\u00e0.<\/li>\r\n<\/ul>\r\nE\u2019 opportuno specificare che la maggior parte dei trattamenti effettuati non sono soggetti all\u2019obbligo di acquisizione di consenso a norma dell\u2019art. 24 del D. Lgs. 196\/2003 e art. 7 del GDPR.\r\n\r\n<strong><em>Modalit\u00e0 del trattamento<\/em><\/strong>: i suoi dati personali potranno essere trattati nei seguenti modi:\r\n<ul>\r\n \t<li>Trattamento manuale a mezzo di archivi cartacei di varia natura, gestiti da personale autorizzato all\u2019interno degli ambienti di lavoro aziendali;<\/li>\r\n \t<li>Trattamento a mezzo di dispositivi elettronici autorizzati dalla rete aziendale, inclusi quelli utilizzati per la gestione accessi in azienda e della videosorveglianza in caso di accertamenti richiesti da parte delle autorit\u00e0 competenti;<\/li>\r\n \t<li>Affidamento a terzi di operazioni di elaborazione, secondo le modalit\u00e0 dichiarate dal Responsabile Esterno e preventivamente autorizzate da parte del Titolare del Trattamento.<\/li>\r\n<\/ul>\r\nOgni trattamento avviene nel rispetto delle modalit\u00e0 di cui al Capo II del Regolamento (EU) 2016\/679 e agli artt. 11, 31 e seguenti del D.Lgs. 196\/03.\r\n\r\n<strong><em>Comunicazione<\/em><\/strong>: I dati personali trattati dal Responsabile per la Prevenzione della Corruzione e la Trasparenza, in conformit\u00e0 a quanto previsto dalla vigente normativa in materia e dal \u201cRegolamento per la gestione delle segnalazioni di illeciti e tutela del segnalante\u201d adottato dalla Societ\u00e0.\r\n\r\nTali soggetti sono tenuti a garantire la riservatezza dell\u2019identit\u00e0 del segnalante e delle informazioni di cui sono venuti a conoscenza.\r\n\r\nL\u2019identit\u00e0 del segnalante o qualsiasi altra informazione da cui possa evincersi direttamente o indirettamente tale identit\u00e0, possono essere rivelate solo con il consenso espresso della persona segnalante. Laddove si renda necessario per esigenze connesse alla segnalazione potranno essere trattate da\r\n<ul>\r\n \t<li style=\"list-style-type: none;\">\r\n<ul>\r\n \t<li>Altre funzioni della Societ\u00e0 alle quali sono state fornite specifiche istruzioni;<\/li>\r\n<\/ul>\r\n<\/li>\r\n<\/ul>\r\nI suoi dati potranno essere comunicati a terzi, in particolare a:\r\n<ul>\r\n \t<li>Societ\u00e0 di consulenza, di auditing\/revisione o soggetti che svolgono servizi strumentali alle finalit\u00e0 sopra indicate (es. provider della piattaforma IT), limitatamente alle informazioni necessarie per le funzioni loro attribuite;<\/li>\r\n \t<li>Infine, i dati potranno essere trasmessi, nei casi previsti, all\u2019Autorit\u00e0 Giudiziaria, e\/o alle Autorit\u00e0 competenti (es. Corte dei Conti, ANAC).<\/li>\r\n<\/ul>\r\n<strong><em>Diffusione<\/em><\/strong>: i dati, fermo restando il divieto assoluto di diffondere i dati idonei a rivelare lo stato di salute, potranno essere diffusi presso:\r\n<ul>\r\n \t<li>Nessuna diffusione<\/li>\r\n<\/ul>\r\n<strong><em>Conservazione<\/em><\/strong>: Le segnalazioni e la relativa documentazione sono conservate per il tempo necessario al trattamento della segnalazione e comunque non oltre cinque anni a decorrere dalla data della comunicazione dell\u2019esito finale della procedura di segnalazione, nel rispetto degli obblighi di riservatezza della persona segnalante. I dati personali che manifestamente non sono utili alla valutazione della segnalazione saranno immediatamente cancellati.\r\n\r\n<em><u>Lei ha il diritto di ottenere dal titolare la cancellazione, la comunicazione, l'aggiornamento, la<\/u> <u>rettificazione, l'integrazione dei dati personali che La riguardano, nonch\u00e9 in generale pu\u00f2<\/u> <u>esercitare tutti i diritti previsti dall'art.7 del Codice della Privacy e dal Capo III del GDPR, Artt. da<\/u> <u>12 a 23, tra cui il diritto di presentare un reclamo all'autorit\u00e0 di controllo.<\/u><\/em>\r\n\r\n<strong><em>Diritti dell\u2019interessato:<\/em><\/strong>\r\n<p style=\"margin-top: 0cm; text-align: justify;\"><strong>Reg.to UE 2016\/679: Artt. 15, 16, 17, 18, 19, 20, 21, <span style=\"letter-spacing: -.25pt;\">22<\/span><\/strong><\/p>\r\n\r\n<ol>\r\n \t<li>L'interessato ha diritto di ottenere la conferma dell'esistenza o meno di dati personali che lo riguardano, anche se non ancora registrati, la loro comunicazione in forma intelligibile e la possibilit\u00e0 di effettuare reclamo presso l\u2019Autorit\u00e0 di controllo.<\/li>\r\n \t<li>L'interessato ha diritto di ottenere l'indicazione\r\n<strong>a.<\/strong> dell'origine dei dati personali;\r\n<strong>b.<\/strong> delle finalit\u00e0 e modalit\u00e0 del trattamento;\r\n<strong>c.<\/strong>della logica applicata in caso di trattamento effettuato con l'ausilio di strumenti elettronici;\r\n<strong>d.<\/strong> degli estremi identificativi del titolare, dei responsabili e del rappresentante designato ai sensi dell'articolo 5, comma 2;\r\n<strong>e.<\/strong> dei soggetti o delle categorie di soggetti ai quali i dati personali possono essere comunicati o che possono venirne a conoscenza in qualit\u00e0 di rappresentante designato nel territorio dello Stato, di responsabili o incaricati.<\/li>\r\n \t<li>L'interessato ha diritto di ottenere:\r\n<strong>a.<\/strong> l'aggiornamento, la rettificazione ovvero, quando vi ha interesse, l'integrazione dei dati;\r\n<strong>b.<\/strong> la cancellazione, la trasformazione in forma anonima o il blocco dei dati trattati in violazione di legge, compresi quelli di cui non \u00e8 necessaria la conservazione in relazione agli scopi per i quali i dati sono stati raccolti o successivamente trattati;\r\n<strong>c.<\/strong> l'attestazione che le operazioni di cui alle lettere a) e b) sono state portate a conoscenza, anche per quanto riguarda il loro contenuto, di coloro ai quali i dati sono stati comunicati o diffusi, eccettuato il caso in cui tale adempimento si rivela impossibile o comporta un impiego dimezzi manifestamente sproporzionato rispetto al diritto tutelato;\r\n<strong>d.<\/strong> la portabilit\u00e0 dei dati.<\/li>\r\n \t<li>L'interessato ha diritto di opporsi, in tutto o in parte:\r\n<strong>a.<\/strong> per motivi legittimi al trattamento dei dati personali che lo riguardano, ancorch\u00e9 pertinenti allo scopo della raccolta;\r\n<strong>b.<\/strong> al trattamento di dati personali che lo riguardano a fini di invio di materiale pubblicitario o di vendita diretta o per il compimento di ricerche di mercato o di comunicazione commerciale.<\/li>\r\n<\/ol>\r\nIl segnalante, ai sensi dell\u2019art. 77 del GDPR, ha inoltre diritto di porre reclamo all\u2019Autorit\u00e0 Garante per la Protezione dei Dati nel caso in cui ritenga che il Trattamento violi il citato Regolamento. Si informa che l\u2019esercizio dei suddetti diritti da parte degli altri soggetti interessati, quali il segnalato o altre persone coinvolte, pu\u00f2 essere ritardato, limitato o escluso qualora tale esercizio possa comportare un pregiudizio effettivo e concreto alla riservatezza dell\u2019identit\u00e0 del segnalante come previsto dall\u2019art. 2- undicies, lett. f del Codice Privacy (in attuazione dell\u2019art. 23 del GDPR). In tali casi, i suddetti diritti possono essere esercitati tramite il Garante per la Protezione dei dati personali con le modalit\u00e0 di cui all\u2019art. 160 del Codice Privacy.\r\n\r\n[\/vc_column_text][\/vc_column][\/vc_row][vc_row][vc_column width=\"1\/1\"][divider][\/vc_column][\/vc_row][vc_row][vc_column width=\"1\/1\"][vc_column_text]scarica informativa <a href=\"https:\/\/www.fapim.it\/site\/wp-content\/uploads\/2024\/02\/24-02-21-FAPIM-Informativa-whistleblowing-Rev0.pdf\"><strong>\"Informativa Whistleblowing sul trattamento dei dati personali\"<\/strong><\/a>[\/vc_column_text][\/vc_column][\/vc_row]","_it_post_name":"informativa-whistleblowing","_it_post_excerpt":"","_it_post_title":"Informativa Whistleblowing","_en_post_content":"","_en_post_name":"","_en_post_excerpt":"","_en_post_title":"","_fr_post_content":"","_fr_post_name":"","_fr_post_excerpt":"","_fr_post_title":"","_es_post_content":"","_es_post_name":"","_es_post_excerpt":"","_es_post_title":"","_ru_post_content":"","_ru_post_name":"","_ru_post_excerpt":"","_ru_post_title":"","_pl_post_content":"","_pl_post_name":"","_pl_post_excerpt":"","_pl_post_title":"","edit_language":"en","footnotes":""},"class_list":["post-22924","page","type-page","status-publish","hentry"],"_links":{"self":[{"href":"https:\/\/www.fapim.it\/en\/wp-json\/wp\/v2\/pages\/22924","targetHints":{"allow":["GET"]}}],"collection":[{"href":"https:\/\/www.fapim.it\/en\/wp-json\/wp\/v2\/pages"}],"about":[{"href":"https:\/\/www.fapim.it\/en\/wp-json\/wp\/v2\/types\/page"}],"author":[{"embeddable":true,"href":"https:\/\/www.fapim.it\/en\/wp-json\/wp\/v2\/users\/3"}],"replies":[{"embeddable":true,"href":"https:\/\/www.fapim.it\/en\/wp-json\/wp\/v2\/comments?post=22924"}],"version-history":[{"count":6,"href":"https:\/\/www.fapim.it\/en\/wp-json\/wp\/v2\/pages\/22924\/revisions"}],"predecessor-version":[{"id":23766,"href":"https:\/\/www.fapim.it\/en\/wp-json\/wp\/v2\/pages\/22924\/revisions\/23766"}],"wp:attachment":[{"href":"https:\/\/www.fapim.it\/en\/wp-json\/wp\/v2\/media?parent=22924"}],"curies":[{"name":"wp","href":"https:\/\/api.w.org\/{rel}","templated":true}]}}

Informativa Whistleblowing sul trattamento dei dati personali Soggetti Interessati: Autori di segnalazioni, facilitatori, soggetti coinvolti nella segnalazione FAPIM S.p.A., con sede in via delle Cerbaie n.114, 55011 Altopascio (LU), Tel 05832601, www.fapim.it - in qualità di Titolare del trattamento dei Suoi dati personali, ai sensi e per gli effetti del D.Lgs. 196/03 ('Codice in materia di

[vc_row][vc_column width="1/1"][divider][/vc_column][/vc_row][vc_row][vc_column align="center" align_sm="center" width="1/2"][vc_column_text]
<p style="text-align: center;"><strong><u><img class="alignnone wp-image-23753 " src="https://www.fapim.it/site/wp-content/uploads/2024/02/Whistelblowing.jpg" alt="" width="248" height="228" /></u></strong></p>
[/vc_column_text][/vc_column][vc_column width="1/2"][vc_column_text]<strong>Informativa Whistleblowing sul trattamento dei dati personali
</strong>Soggetti Interessati: Autori di segnalazioni, facilitatori, soggetti coinvolti nella <span style="letter-spacing: -.1pt;">segnalazione</span>

<strong>FAPIM S.p.A., </strong>con sede in via delle Cerbaie n.114, 55011 Altopascio (LU), Tel 05832601, <a href="http://www.fapim.it/">www.fapim.it</a> - in qualità di <strong>Titolare del trattamento </strong>dei Suoi dati personali, ai sensi e per gli effetti del D.Lgs. 196/03 ('Codice in materia di protezione dei dati personali'), degli artt. 13 e 14 del Regolamento Generale sulla Protezione dei Dati (UE) 2016/679 (anche GDPR) e del D.Lgs. 101/18, con la presente La informa che la citata normativa prevede la tutela delle persone e di altri soggetti rispetto al trattamento dei dati personali e che tale trattamento sarà improntato ai principi di correttezza, liceità, trasparenza e di tutela della Sua riservatezza e dei Suoi diritti.[/vc_column_text][/vc_column][/vc_row][vc_row][vc_column width="1/1"][vc_column_text]I Suoi dati personali verranno trattati in accordo alle disposizioni legislative della normativa sopra richiamata e degli obblighi di riservatezza ivi previsti.

<strong><em>Finalità di trattamento</em></strong>: in particolare i Suoi dati verranno trattati per finalità connesse all'attuazione dei seguenti adempimenti, relativi ad obblighi legislativi o contrattuali nell’ambito della procedura di gestione delle segnalazioni:
<ul>
 	<li>Normativa nazionale ed europea relativa ai settori e agli interessi rilevanti per l’Unione;</li>
 	<li>Violazioni rilevanti ai sensi della disciplina 231/2001 o violazioni dei modelli organizzativi;</li>
 	<li>Ulteriori illeciti civili, amministrativi e contabili contemplati dalla normativa</li>
</ul>
<strong><em>Basi giuridiche: </em></strong>Il trattamento dei dati deriva dalla necessità di adempiere ad un obbligo di legge (art. 6, comma 1, lett. e del GDPR) e precisamente alle previsioni del D. Lgs. 24/2023 recante attuazione della direttiva UE 2019/1937, riguardante la protezione delle persone che segnalano violazioni del diritto dell’Unione e delle disposizioni normative nazionali.

I dati personali oggetto di trattamento sono quelli forniti dal segnalante e quelli eventualmente raccolti in modo autonomo nel corso delle attività istruttorie, necessari ad accertare le circostanze oggetto della segnalazione.

Il conferimento dei dati è necessario e funzionale alla gestione delle segnalazioni ricevute nelle forme e modalità descritte nella procedura adottata dalla società.

Ai fini dell'indicato trattamento, il Titolare potrà venire a conoscenza di dati definiti comuni e particolari, ovvero sensibili e giudiziari ai sensi del Codice della Privacy, ed in particolare:
<ul>
 	<li>Dati identificativi e di contatto del segnalante;</li>
 	<li>Dati identificativi delle persone coinvolte nella segnalazione, informazioni e dati relativi alle violazioni segnalate, compresi eventuali dati personali relativi a categorie particolari e riferiti a condanne penali o reati;</li>
 	<li>Ogni altra informazione riferita al segnalante, alle persone coinvolte nella segnalazione a eventuali altri soggetti terzi, che il segnalante decide di condividere per meglio rappresentare i fatti descritti nella segnalazione;</li>
 	<li>Dati identificativi, di contatto e relativi all’account di accesso alla piattaforma informatica dei soggetti preposti alla gestione delle segnalazioni.</li>
</ul>
I Suoi dati sensibili oggetto di trattamento sono solo quelli strettamente pertinenti agli obblighi, ai compiti o alle finalità sopra descritte e verranno trattati nel rispetto delle indicazioni contenute nelle relative Autorizzazioni Generali del Garante.

I Suoi dati personali potranno inoltre, <u>previo suo consenso </u>(richiesto al momento della loro raccolta), essere utilizzati per le seguenti finalità:
<ul>
 	<li>Nessuna finalità.</li>
</ul>
E’ opportuno specificare che la maggior parte dei trattamenti effettuati non sono soggetti all’obbligo di acquisizione di consenso a norma dell’art. 24 del D. Lgs. 196/2003 e art. 7 del GDPR.

<strong><em>Modalità del trattamento</em></strong>: i suoi dati personali potranno essere trattati nei seguenti modi:
<ul>
 	<li>Trattamento manuale a mezzo di archivi cartacei di varia natura, gestiti da personale autorizzato all’interno degli ambienti di lavoro aziendali;</li>
 	<li>Trattamento a mezzo di dispositivi elettronici autorizzati dalla rete aziendale, inclusi quelli utilizzati per la gestione accessi in azienda e della videosorveglianza in caso di accertamenti richiesti da parte delle autorità competenti;</li>
 	<li>Affidamento a terzi di operazioni di elaborazione, secondo le modalità dichiarate dal Responsabile Esterno e preventivamente autorizzate da parte del Titolare del Trattamento.</li>
</ul>
Ogni trattamento avviene nel rispetto delle modalità di cui al Capo II del Regolamento (EU) 2016/679 e agli artt. 11, 31 e seguenti del D.Lgs. 196/03.

<strong><em>Comunicazione</em></strong>: I dati personali trattati dal Responsabile per la Prevenzione della Corruzione e la Trasparenza, in conformità a quanto previsto dalla vigente normativa in materia e dal “Regolamento per la gestione delle segnalazioni di illeciti e tutela del segnalante” adottato dalla Società.

Tali soggetti sono tenuti a garantire la riservatezza dell’identità del segnalante e delle informazioni di cui sono venuti a conoscenza.

L’identità del segnalante o qualsiasi altra informazione da cui possa evincersi direttamente o indirettamente tale identità, possono essere rivelate solo con il consenso espresso della persona segnalante. Laddove si renda necessario per esigenze connesse alla segnalazione potranno essere trattate da
<ul>
 	<li style="list-style-type: none;">
<ul>
 	<li>Altre funzioni della Società alle quali sono state fornite specifiche istruzioni;</li>
</ul>
</li>
</ul>
I suoi dati potranno essere comunicati a terzi, in particolare a:
<ul>
 	<li>Società di consulenza, di auditing/revisione o soggetti che svolgono servizi strumentali alle finalità sopra indicate (es. provider della piattaforma IT), limitatamente alle informazioni necessarie per le funzioni loro attribuite;</li>
 	<li>Infine, i dati potranno essere trasmessi, nei casi previsti, all’Autorità Giudiziaria, e/o alle Autorità competenti (es. Corte dei Conti, ANAC).</li>
</ul>
<strong><em>Diffusione</em></strong>: i dati, fermo restando il divieto assoluto di diffondere i dati idonei a rivelare lo stato di salute, potranno essere diffusi presso:
<ul>
 	<li>Nessuna diffusione</li>
</ul>
<strong><em>Conservazione</em></strong>: Le segnalazioni e la relativa documentazione sono conservate per il tempo necessario al trattamento della segnalazione e comunque non oltre cinque anni a decorrere dalla data della comunicazione dell’esito finale della procedura di segnalazione, nel rispetto degli obblighi di riservatezza della persona segnalante. I dati personali che manifestamente non sono utili alla valutazione della segnalazione saranno immediatamente cancellati.

<em><u>Lei ha il diritto di ottenere dal titolare la cancellazione, la comunicazione, l'aggiornamento, la</u> <u>rettificazione, l'integrazione dei dati personali che La riguardano, nonché in generale può</u> <u>esercitare tutti i diritti previsti dall'art.7 del Codice della Privacy e dal Capo III del GDPR, Artt. da</u> <u>12 a 23, tra cui il diritto di presentare un reclamo all'autorità di controllo.</u></em>

<strong><em>Diritti dell’interessato:</em></strong>
<p style="margin-top: 0cm; text-align: justify;"><strong>Reg.to UE 2016/679: Artt. 15, 16, 17, 18, 19, 20, 21, <span style="letter-spacing: -.25pt;">22</span></strong></p>

<ol>
 	<li>L'interessato ha diritto di ottenere la conferma dell'esistenza o meno di dati personali che lo riguardano, anche se non ancora registrati, la loro comunicazione in forma intelligibile e la possibilità di effettuare reclamo presso l’Autorità di controllo.</li>
 	<li>L'interessato ha diritto di ottenere l'indicazione
<strong>a.</strong> dell'origine dei dati personali;
<strong>b.</strong> delle finalità e modalità del trattamento;
<strong>c.</strong>della logica applicata in caso di trattamento effettuato con l'ausilio di strumenti elettronici;
<strong>d.</strong> degli estremi identificativi del titolare, dei responsabili e del rappresentante designato ai sensi dell'articolo 5, comma 2;
<strong>e.</strong> dei soggetti o delle categorie di soggetti ai quali i dati personali possono essere comunicati o che possono venirne a conoscenza in qualità di rappresentante designato nel territorio dello Stato, di responsabili o incaricati.</li>
 	<li>L'interessato ha diritto di ottenere:
<strong>a.</strong> l'aggiornamento, la rettificazione ovvero, quando vi ha interesse, l'integrazione dei dati;
<strong>b.</strong> la cancellazione, la trasformazione in forma anonima o il blocco dei dati trattati in violazione di legge, compresi quelli di cui non è necessaria la conservazione in relazione agli scopi per i quali i dati sono stati raccolti o successivamente trattati;
<strong>c.</strong> l'attestazione che le operazioni di cui alle lettere a) e b) sono state portate a conoscenza, anche per quanto riguarda il loro contenuto, di coloro ai quali i dati sono stati comunicati o diffusi, eccettuato il caso in cui tale adempimento si rivela impossibile o comporta un impiego dimezzi manifestamente sproporzionato rispetto al diritto tutelato;
<strong>d.</strong> la portabilità dei dati.</li>
 	<li>L'interessato ha diritto di opporsi, in tutto o in parte:
<strong>a.</strong> per motivi legittimi al trattamento dei dati personali che lo riguardano, ancorché pertinenti allo scopo della raccolta;
<strong>b.</strong> al trattamento di dati personali che lo riguardano a fini di invio di materiale pubblicitario o di vendita diretta o per il compimento di ricerche di mercato o di comunicazione commerciale.</li>
</ol>
Il segnalante, ai sensi dell’art. 77 del GDPR, ha inoltre diritto di porre reclamo all’Autorità Garante per la Protezione dei Dati nel caso in cui ritenga che il Trattamento violi il citato Regolamento. Si informa che l’esercizio dei suddetti diritti da parte degli altri soggetti interessati, quali il segnalato o altre persone coinvolte, può essere ritardato, limitato o escluso qualora tale esercizio possa comportare un pregiudizio effettivo e concreto alla riservatezza dell’identità del segnalante come previsto dall’art. 2- undicies, lett. f del Codice Privacy (in attuazione dell’art. 23 del GDPR). In tali casi, i suddetti diritti possono essere esercitati tramite il Garante per la Protezione dei dati personali con le modalità di cui all’art. 160 del Codice Privacy.

[/vc_column_text][/vc_column][/vc_row][vc_row][vc_column width="1/1"][divider][/vc_column][/vc_row][vc_row][vc_column width="1/1"][vc_column_text]scarica informativa <a href="https://www.fapim.it/site/wp-content/uploads/2024/02/24-02-21-FAPIM-Informativa-whistleblowing-Rev0.pdf"><strong>"Informativa Whistleblowing sul trattamento dei dati personali"</strong></a>[/vc_column_text][/vc_column][/vc_row]
